factors of 15527012.
2, 947, 4099
What are the prime factors of 57722920?
2, 5, 1443073
List the prime factors of 1433946964.
2, 317, 347, 3259
What are the prime factors of 3373858422?
2, 3, 11, 617, 27617
List the prime factors of 72982515.
3, 5, 19, 256079
What are the prime factors of 195748415?
5, 31, 1262893
What are the prime factors of 13580303?
11, 43, 28711
List the prime factors of 125634649.
7, 17947807
List the prime factors of 479958531.
3, 13, 12306629
List the prime factors of 147663341.
7, 1277, 16519
What are the prime factors of 111160024?
2, 599, 23197
List the prime factors of 163140660.
2, 3, 5, 29, 31253
List the prime factors of 84131377.
11, 37, 421, 491
What are the prime factors of 496512334?
2, 248256167
List the prime factors of 29317775.
5, 17, 101, 683
What are the prime factors of 205173118?
2, 137, 748807
What are the prime factors of 19630688?
2, 7, 11, 31, 257
What are the prime factors of 511221510?
2, 3, 5, 1893413
List the prime factors of 723719931.
3, 11, 587, 37361
List the prime factors of 61408835.
5, 12281767
What are the prime factors of 178606845?
3, 5, 17, 23, 10151
What are the prime factors of 141226411?
19, 107, 69467
What are the prime factors of 75369640?
2, 5, 67, 28123
List the prime factors of 3300010190.
2, 5, 113, 2920363
List the prime factors of 608086444.
2, 7, 21717373
What are the prime factors of 7687182937?
7, 37, 593, 50051
List the prime factors of 143922270.
2, 3, 5, 23, 167, 1249
What are the prime factors of 282646320?
2, 3, 5, 11, 9733
What are the prime factors of 25541570?
2, 5, 43, 59399
List the prime factors of 1248804531.
3, 13, 10673543
What are the prime factors of 559094203?
559094203
What are the prime factors of 191757713?
7, 1061, 25819
What are the prime factors of 5122282774?
2, 7, 365877341
What are the prime factors of 473880605?
5, 11, 8616011
List the prime factors of 3161802561.
3, 31, 67, 507431
List the prime factors of 160658.
2, 80329
List the prime factors of 214192252.
2, 53548063
What are the prime factors of 211298232?
2, 3, 31, 284003
What are the prime factors of 20327543?
883, 23021
List the prime factors of 42544544.
2, 7, 43, 631
What are the prime factors of 9936831?
3, 37, 89521
What are the prime factors of 89760859?
89760859
What are the prime factors of 89400916?
2, 11, 2031839
List the prime factors of 236434324.
2, 7, 8444083
What are the prime factors of 592666714?
2, 23, 12884059
What are the prime factors of 777705512?
2, 97213189
What are the prime factors of 33147079?
7, 37, 47, 389
What are the prime factors of 456397411?
456397411
What are the prime factors of 64004648?
2, 73, 109597
What are the prime factors of 1339011?
3, 61, 271
What are the prime factors of 20672982?
2, 3, 11, 1289
List the prime factors of 944520544.
2, 11, 17, 157841
What are the prime factors of 603288757?
47, 12835931
List the prime factors of 64164505.
5, 12832901
List the prime factors of 355436118.
2, 3, 19746451
List the prime factors of 113453131.
11, 10313921
What are the prime factors of 12682494?
2, 3, 11, 647
List the prime factors of 9077669.
9077669
List the prime factors of 201862931.
1021, 197711
What are the prime factors of 28790067?
3, 9596689
What are the prime factors of 7931688?
2, 3, 23, 14369
List the prime factors of 30253480.
2, 5, 823, 919
List the prime factors of 1012847219.
1012847219
List the prime factors of 629212299.
3, 209737433
List the prime factors of 215185446.
2, 3, 7, 31, 89, 619
What are the prime factors of 14677649?
7, 2096807
What are the prime factors of 44846457?
3, 1097, 13627
What are the prime factors of 1135276880?
2, 5, 41, 89, 3889
What are the prime factors of 49388836?
2, 7, 1763887
What are the prime factors of 41495477?
257, 161461
What are the prime factors of 4688187?
3, 7, 223247
List the prime factors of 3448112531.
53, 65058727
List the prime factors of 183687716.
2, 45921929
List the prime factors of 9078409.
19, 477811
What are the prime factors of 527151602?
2, 263575801
What are the prime factors of 638968251?
3, 491, 433787
What are the prime factors of 110178857?
43, 47, 54517
What are the prime factors of 426485136?
2, 3, 7, 11, 23, 29, 173
What are the prime factors of 1133558752?
2, 35423711
What are the prime factors of 56096829?
3, 6232981
List the prime factors of 6008632.
2, 7, 41, 2617
List the prime factors of 4671903994.
2, 17, 137408941
List the prime factors of 132917210.
2, 5, 13291721
What are the prime factors of 1675999983?
3, 7, 131, 609233
List the prime factors of 20531186.
2, 13, 353, 2237
What are the prime factors of 285368003?
285368003
What are the prime factors of 137707496?
2, 17213437
What are the prime factors of 101018202?
2, 3, 16836367
List the prime factors of 88645298.
2, 7, 19, 333253
List the prime factors of 706818231.
3, 7, 17, 24443
What are the prime factors of 109070594?
2, 54535297
What are the prime factors of 846243825?
3, 5, 7, 419, 3847
What are the prime factors of 76532833?
13, 452857
What are the prime factors of 304486844?
2, 4973, 15307
What are the prime factors of 5252187468?
2, 3, 11, 17, 212777
List the prime factors of 2300253045.
3, 5, 67, 2288809
What are the prime factors of 540168736?
2, 2017, 8369
List the prime factors of 68817753.
3, 19, 402443
What are the prime factors of 389176416?
2, 3, 97, 13931
List the prime factors of 85255.
5, 17, 59
What are the prime factors of 117077421?
3, 31, 463, 2719
What are the prime factors of 668945654?
2, 13, 19, 103, 13147
What are the prime factors of 314883047?
314883047
What are the prime factors of 25177924?
2, 6294481
List the prime factors of 652281198.
2, 3, 10067, 10799
What are the prime factors of 56327957?
7, 613, 13127
What are the prime factors of 453213412?
2, 113303353
What are the prime factors of 73743263?
11, 17, 23197
List the prime factors of 10452639.
3, 3484213
List the prime factors of 991760491.
443, 521, 4297
List the prime factors of 288777542.
2, 19, 2389, 3181
What are the prime factors of 121780960?
2, 5, 7, 227, 479
What are the prime factors of 38404890?
2, 3, 5, 19, 37, 607
List the prime factors of 25124273.
47, 71, 7529
List the prime factors of 60720531.
3, 271, 74687
List the prime factors of 2072460325.
5, 13, 53, 79, 1523
List the prime factors of 2525709698.
2, 1262854849
What are the prime factors of 72173271?
3, 67, 131, 2741
What are the prime factors of 867861039?
3, 289287013
What are the prime factors of 1883256441?
3, 11, 57068377
What are the prime factors of 90235585?
5, 11, 113, 14519
What are the prime factors of 679068185?
5, 103, 1318579
What are the prime factors of 40833546?
2, 3, 13, 19, 59, 467
List the prime factors of 64004703.
3, 7, 83, 36721
What are the prime factors of 103434616?
2, 12929327
What are the prime factors of 320028045?
3, 5, 53, 402551
List the prime factors of 1423925915.
5, 1811, 157253
What are the prime factors of 576721927?
29, 19886963
List the prime factors of 203936487.
3, 43, 829, 1907
List the prime factors of 86855245.
5, 23, 691, 1093
What are the prime factors of 1229399618?
2, 22133, 27773
What are the prime factors of 73486282?
2, 36743141
List the prime factors of 211055858.
2, 13, 53, 103, 1487
List the prime factors of 1968672521.
97, 859, 23627
What are the prime factors of 373573039?
7, 67, 796531
List the prime factors of 302947705.
5, 127, 349, 1367
List the prime factors of 1413339335.
5, 282667867
List the prime factors of 72869967.
3, 509, 15907
List the prime factors of 721474401.
3, 240491467
What are the prime factors of 92115647?
13, 545063
What are the prime factors of 18623195?
5, 109, 34171
What are the prime factors of 33676586?
2, 37, 83, 5483
What are the prime factors of 129874837?
129874837
What are the prime factors of 1849641864?
2, 3, 7, 103, 139, 769
List the prime factors of 37166928.
2, 3, 73, 10607
What are the prime factors of 721433382?
2, 3, 19, 6328363
List the prime factors of 212746923.
3, 107, 173, 1277
What are the prime factors of 1478650704?
2, 3, 523, 58901
What are the prime factors of 2542566035?
5, 19, 127, 210739
What are the prime factors of 598190375?
5, 4785523
What are the prime factors of 87861081?
3, 7, 11, 23, 719
List the prime factors of 23217254